e the remainder when t(-31) is divided by g.
3
Let y(d) = -2*d**2 + 22*d + 2. Let i be y(11). Suppose -52 = -i*j + 14. What is the remainder when j is divided by 9?
6
Suppose 2*d + 4*y + 40 = 7*d, y = 2*d - 13. Suppose 0*u = -u + d. Let h(v) = 4*v + 11. Calculate the remainder when h(-1) is divided by u.
3
Calculate the remainder when (-14)/49 + (-23958)/(-14) + 4 is divided by 26.
25
Suppose -3*w + 3*u = -12, -w + 4*u - u = 6. What is the remainder when 30 is divided by w?
3
Let w(h) = -h**3 + 5*h**2 + 10*h - 9. Let y = 153 - 90. Let g be 18/y + (-40)/(-7). What is the remainder when 58 is divided by w(g)?
13
Let n(k) = -k**3 + 12*k**2 + 13*k - 2. What is the remainder when n(12) is divided by 33?
22
Let v(y) = -39*y**3 + 0 + 5 + 0*y**2 - 2*y - 6 - y**2. Calculate the remainder when 154 is divided by v(-1).
37
Let a be 123 + (2 - 2 - -3). Let q be (2/6)/(2/a). Suppose -5*l - q = -191. What is the remainder when 67 is divided by l?
33
Suppose 4*a - 258 = -4*p - p, -4*p = -5*a + 343. Calculate the remainder when a is divided by 27.
13
Let u(s) = 19*s + 34. Calculate the remainder when u(10) is divided by 9.
8
Suppose -10 = -2*d - 3*d. Let l be (1/(-2))/(3/(-24)). Suppose -l*p = 5*q - 55, -d*p = -5*q + 16 + 39. Calculate the remainder when 41 is divided by q.
8
Suppose 11*w - 172 = 312. What is the remainder when 215 is divided by w?
39
Suppose -13 = 3*u - 28. Suppose -4*r + 20 = 3*f, 0*f = u*r + 2*f - 32. What is the remainder when 31 is divided by r?
7
Let f(k) = 6*k**2 + 2*k - 4. Suppose -3*x - 34 = -g + 68, 0 = 2*g + 3*x - 231. What is the remainder when g is divided by f(3)?
55
Suppose 4*t + p = 87, 5 = t - 4*p - 4. Suppose 0 = 3*h - 3*z + z - 35, -4*z = h - t. Calculate the remainder when 61 is divided by h - (-3 - 0 - 0).
13
Let a(j) = j**3 - 7*j**2 - 6*j - 8. Let t be 39/6 - 6/(-4). Calculate the remainder when 23 is divided by a(t).
7
Let d(z) = -254*z + 8208. Calculate the remainder when d(31) is divided by (-24)/(0 - 2/4).
46
What is the remainder when 5 - 142*(-7)/14 is divided by 20?
16
Let p(g) = 4*g**2 + 83*g - 26. What is the remainder when p(-22) is divided by 29?
26
Suppose -5*a - u + 0*u + 173 = 0, 0 = u + 2. Suppose 0 = -5*n + 5, 0 = 5*l - n + 6*n - a. Suppose l*b - b = 70. Calculate the remainder when 26 is divided by b.
12
Let o(p) be the second derivative of p**4/12 + p**3/3 - 2*p**2 - p. Calculate the remainder when 79 is divided by o(4).
19
Let o(s) = 3*s**3 - 10 + s - 2*s**3 + 4 - 26*s + 9*s**2. What is the remainder when o(-11) is divided by 7?
6
Let p = -1891 + 2007. Calculate the remainder when p is divided by 32.
20
Let m = -33 + 33. Suppose m = s + 3*s - 152. Calculate the remainder when s is divided by 20.
18
Suppose -5*a + 7*z + 438 = 4*z, 1 = -z. What is the remainder when 518 is divided by a?
83
Suppose c + 2*m = 11, -4*m - 67 = -2*c - 5. Let b(h) = h + 100. Calculate the remainder when b(0) is divided by c.
16
Suppose -18*x = -23*x - 20. Let v be (18/x)/(18/(-24)). Suppose 10 + 44 = v*g. What is the remainder when 35 is divided by g?
8
Let d = 671 - 382. Let i = d - 20. Suppose 3*s - 2*n - 253 = 0, 51 = -3*s - 5*n + i. Calculate the remainder when s is divided by 28.
25
Let a = 2694 + -2659. What is the remainder when (306/15)/(3/15) is divided by a?
32
Let x = 98 - 72. Calculate the remainder when -2 + 3 - (1 - 40) is divided by x.
14
Suppose 706 = 4*k - x + 2*x, -2*k + 344 = -4*x. Calculate the remainder when k is divided by 82.
12
Let j(t) = t + 3. Let i be j(-6). Let a be (-2 + -1)/(3/110). Calculate the remainder when 51 is divided by a/(-6) - (-1)/i.
15
Let r = 615 - 389. Let o = -136 + r. Calculate the remainder when 32 is divided by o/8 - (-2)/(-8).
10
Let y = -179 - -637. What is the remainder when y is divided by 77?
73
Suppose 0 = -n - 745*w + 747*w - 2, 2*n - 5*w + 11 = 0. Let m(c) = -46*c + 2. What is the remainder when m(-3) is divided by n?
8
Let u = -35 + 13. Let y = u + 34. What is the remainder when 45 is divided by y?
9
Let j(v) be the first derivative of -7*v**2/2 + 78*v + 37. Calculate the remainder when 11 is divided by j(10).
3
Suppose k = 5*y - 10, -2*k + 2 + 17 = 3*y. Suppose l + 5*a - 47 = 41, 0 = k*a - 10. Calculate the remainder when l is divided by 16.
14
Suppose 3*h + 3*o - 36 = 0, 5*h + o - 32 - 32 = 0. Suppose d - 2*d = -7. Suppose -2*v = d - 83. Calculate the remainder when v is divided by h.
12
Suppose 5*o = -5*m + 7*m + 938, -2*o + 3*m = -373. Calculate the remainder when o is divided by 33.
23
Suppose o + o - 5*z - 28 = 0, 3*o = 4*z + 28. Suppose o*u + 88 = 3*l, 5*l + 5*u + 19 = 189. What is the remainder when 93 is divided by l?
29
What is the remainder when ((-183)/12)/(-1 - (-155)/160) is divided by 19?
13
Suppose -4*j + 9*j = 900. Let f be j/50 - 4/(-10). Suppose -3*l = -f*l + w + 10, w = 4*l - 55. What is the remainder when l is divided by 6?
3
Let s = -1363 - -1433. Calculate the remainder when 207 is divided by s.
67
Let y = -898 + 1131. What is the remainder when y is divided by 60?
53
Let l be 1/4 - 69/(-12). Suppose a - 9 = 18. Calculate the remainder when 2/l + (-2330)/(-30) is divided by a.
24
Suppose -4*u + 3*m = 177 - 48, 6 = 2*m. What is the remainder when 73 is divided by 2/4 - 765/u?
21
Suppose 5*d - 3*d = -3*y + 248, 4*y + 5*d = 340. What is the remainder when 158 is divided by y?
78
Let d(x) = 4*x**3 + 5*x**2 + 2*x + 185. What is the remainder when d(0) is divided by 69?
47
Let m = -322 + 513. Calculate the remainder when m is divided by 34.
21
Let j = 417 - 353. What is the remainder when j is divided by 28?
8
Suppose 4*y - 4 = -20, 0 = -6*d + 3*y + 84. Calculate the remainder when 139 is divided by d.
7
Let t = 41 - 51. Let o = t + 25. What is the remainder when o is divided by 3?
0
Let a be 1 - (-1 + -11 - 3). Suppose d + 5*n = -2*d + a, -3*n = 4*d - 14. Let t(k) = 17*k**2 - 6*k + 3. What is the remainder when t(d) is divided by 20?
19
Let s(n) = n**2 - 39*n + 151. Calculate the remainder when 262 is divided by s(35).
9
Suppose -3*f + 6 = 0, 4*f = -2*z + 6 + 22. Calculate the remainder when 99 is divided by z.
9
Suppose 4*n - 29 = -3*l, -5*n - 2*l + 29 = -2. Suppose 23 = 2*o - n*j, -3*o + 20 + 42 = -2*j. What is the remainder when 69 is divided by o?
21
Let v = 326 + -292. What is the remainder when 99 is divided by v?
31
Suppose 5*x + 683 = 4*q, -7*x - 513 = -3*q - 4*x. What is the remainder when q is divided by 50?
22
Let j(y) = -y**2 + 9*y + 4. Suppose o - 3 = 4*m + 7, 5*m + 5*o = 0. Let g be (-9)/(-2)*(m + 4). Calculate the remainder when 14 is divided by j(g).
2
Let k(p) = -p**3 + 5*p**2 + 2*p - 5. Let x be k(5). Suppose x*o = -5*b, b + 0 = -4*o + 9. Calculate the remainder when (-1)/3 - (-350)/126*3 is divided by o.
2
Let k = -764 + 855. Calculate the remainder when k is divided by 86.
5
Let k(s) = s - 10. Suppose 0 = -4*m - 5*p - 10, -2*m + 2 = -0*p - p. Let n be k(m). Let d = n + 16. What is the remainder when 11 is divided by d?
5
Suppose 98 = 4*p - 46. Suppose -s + 1 = 0, 5*w + 2 - 27 = -5*s. Suppose 3*t + w = 43. Calculate the remainder when p is divided by t.
10
Let v be -1 - (-3)/(6/8). Let w = v + 25. Calculate the remainder when w is divided by (-2)/(-2) - (11 + (-45)/3).
3
Suppose 0 = 5*m - 10*m + 590. Calculate the remainder when m is divided by 30.
28
Let g = 28 + -14. Suppose 0 = 3*j - 3*b - 2*b - 205, 0 = 4*j - 2*b - 264. Let q = -10 + j. Calculate the remainder when q is divided by g.
13
Let m = -119 - -208. Let q = 46 + -45. What is the remainder when m is divided by (q/2)/((-3)/(-138))?
20
Let f = 47 - 42. Suppose 35 = -f*l + 130. What is the remainder when 55 is divided by l?
17
Suppose 3*p - 4*x = -2*x - 11, -13 = p + 4*x. Let q(o) = -5*o - 22. Calculate the remainder when (-1)/(-2) + 7/2 is divided by q(p).
1
Let l = 22 - 17. Suppose -3*c - l*w = -15, -3*c + w = 4 - 37. Calculate the remainder when 76 is divided by c.
6
Let d(g) = -4*g**2 - 84*g - 44. What is the remainder when 137 is divided by d(-20)?
29
Let f be 196/16 + 2/(-8). Let u be (6 + -56)*f/(-15). Suppose -8*p + 4*p = -u. Calculate the remainder when 37 is divided by p.
7
Let s(h) = -8*h - 6. What is the remainder when 18 is divided by s(-2)?
8
Suppose -4*l = -5*h - 50, -5*l + l + 46 = -3*h. Suppose l = -5*g, -g + 84 = b + b. Calculate the remainder when b is d